r be (-124)/10 - (-8)/20. What are the prime factors of j(r)?
13
Suppose -3*a = 4*z - 239 - 254, 12 = 3*z. List the prime factors of a.
3, 53
Suppose 3*y - 6*y - 2*d + 804 = 0, -5*y + 1340 = -2*d. List the prime factors of y.
2, 67
Suppose 3*w + 160 = 8*w. List the prime factors of w.
2
Suppose -6 = -6*z - 72. Suppose 0 = 3*p + 4*l + 15, 3*p - 2*l = 3. List the prime factors of z*((1 - p) + -3).
11
Let l(u) be the second derivative of 2*u**3/3 - 2*u**2 - u. What are the prime factors of l(5)?
2
Let f = -35 - -77. List the prime factors of f.
2, 3, 7
Suppose 0*u - 276 = -4*u. List the prime factors of u.
3, 23
Suppose 6*f - 4*f - 102 = 0. List the prime factors of f.
3, 17
Suppose -5*b = u + u - 113, -2*b + 26 = -4*u. What are the prime factors of b?
3, 7
Suppose 3*v + 5*d + 10 = 0, 2*v - 4*d = -0*v + 8. Let c be (-2)/3 + 24/36. Suppose v*m + 2*m - 22 = c. List the prime factors of m.
11
Let p = -72 + 121. What are the prime factors of (2/7)/(1/p)?
2, 7
Suppose 3*w - 3*l = w + 446, 0 = w - l - 221. List the prime factors of w.
7, 31
Let b(y) = -y**2 - 7*y - 7. Let k be b(-5). Suppose -l - k*p = -0*l + 8, 0 = -3*l - 2*p - 24. Let o(d) = -d - 1. List the prime factors of o(l).
7
Suppose -1 = 3*r + 5*o, 4*r + 5*o - 2 = -0. Suppose -98 = -r*v - 32. List the prime factors of v.
2, 11
Suppose 0 = -4*n + 1 + 15. Suppose 0 = -n*r + 4 + 8. Suppose -14 = -i + 2*g, 5*g = -r*i + 2*g - 3. List the prime factors of i.
2
Let w(x) be the third derivative of x**4/24 + 4*x**3/3 - x**2. Let y(f) = f**3 - 3*f**2 - 2*f + 2. Let b be y(3). What are the prime factors of w(b)?
2
Let p(x) = 9 + 7 + x - 3. Suppose 0*v = 4*v. List the prime factors of p(v).
13
Let h(q) = -4*q - 5. Let n be h(-7). Let s be 15/(-20) + n/4. Let x = -1 + s. What are the prime factors of x?
2
Suppose -o + z - 12 = 0, 3 = -5*z + 28. Let f(t) = t**2 + 7*t + 2. Let d be f(o). Suppose 10 - d = 4*q. List the prime factors of q.
2
Let p = -33 + 57. What are the prime factors of p?
2, 3
Let i(v) = -5*v + 1. What are the prime factors of i(-2)?
11
Let h = 0 - 1. Let o = h - -8. What are the prime factors of o?
7
Let t = -15 - -23. List the prime factors of t.
2
Suppose 0 = -5*k - 3*m - 21, 0 = -5*k - 0*m - m - 27. Let w = 6 + k. Suppose 0 = -5*n - w*n + 25. List the prime factors of n.
5
Suppose -3 = 2*o + 13. List the prime factors of 5/20 + (-174)/o.
2, 11
Let m(s) be the third derivative of s**5/120 + 17*s**4/24 + 5*s**3/6 - 5*s**2. Let u(w) be the first derivative of m(w). What are the prime factors of u(0)?
17
Suppose s = -4*a + 28, 2*a + 0*s - 12 = -s. Suppose -4*h + a = -52. What are the prime factors of (0 - (-2 + 3)) + h?
2, 7
Suppose 3*n + a - 2*a = 0, 0 = -2*a. Suppose -t + 3*t - 30 = n. What are the prime factors of t?
3, 5
Suppose 4 + 1 = 5*p. Let a = p - -7. List the prime factors of (10/a)/((-1)/(-8)).
2, 5
Let c(s) = 38*s + 7. Let l be c(5). Let y = l - 139. What are the prime factors of y?
2, 29
Suppose -4*c - 2*d = 146, c - 11 = -2*d - 43. What are the prime factors of c/((2 - 3)*2)?
19
Let v(g) = -5*g**2 + 5*g + 1. Let m(a) = -6*a**2 + 6*a. Let o(z) = -4*m(z) + 5*v(z). What are the prime factors of o(0)?
5
Let o = 14 - 10. Suppose 2*n = -n + 3*k, -o*k = 0. Suppose 3 = -3*q + 2*g + 19, n = 3*q - 4*g - 14. List the prime factors of q.
2, 3
Let n be (-2)/8 + (-18)/(-8). Let y be (-36)/(-15) - n/5. Suppose -4*d = -2*x - 18, 3*d - 2 = y*x + 11. List the prime factors of d.
5
Let s be (3/3)/(-1)*-23. Let p = s - 3. Suppose -3*f = -2*v + 6, p = 5*v - f - 21. What are the prime factors of v?
3
Let l(v) = 16*v - 45. What are the prime factors of l(19)?
7, 37
Let t = 6 - 4. Let n(r) = 2*r - 1. What are the prime factors of n(t)?
3
Let l be 19/5 - 4/(-20). Suppose -91 - 69 = -l*d. What are the prime factors of d?
2, 5
Let d = 15 - 10. Suppose -d = -4*c + 47. List the prime factors of c.
13
Let s = -19 - -3. Let p = -27 - s. Let m = p + 23. List the prime factors of m.
2, 3
Let p(f) = -f**3 + 5*f**2 - 6*f + 6. Let b be p(4). Let d(m) = -3 + m - 7*m + 2*m. What are the prime factors of d(b)?
5
Suppose 0 = 4*y + 205 - 861. Suppose 2*w = 6*w - y. What are the prime factors of w?
41
Let d = 132 - -65. What are the prime factors of d?
197
Suppose 0 = 4*t - 220 + 80. Let k = -18 - -37. Let l = t - k. What are the prime factors of l?
2
List the prime factors of ((-322)/(-9) - -1) + 38/171.
37
Suppose -4*u - u + 515 = 5*y, u + 5*y - 83 = 0. Suppose u = 3*p - 0*p. What are the prime factors of p?
2, 3
Suppose -5*v + 3*i + 97 = 0, -6*i + 2*i = -3*v + 56. What are the prime factors of v?
2, 5
Suppose -2*k + 618 = 2*z, -4*k + z - 4*z = -1237. List the prime factors of k.
2, 5, 31
Suppose -3 = 4*h + 21. What are the prime factors of 9/h - 63/(-2)?
2, 3, 5
Let o = -123 + 240. List the prime factors of o.
3, 13
Let i be (-72)/6*2/4. List the prime factors of 19 - (i - -4 - 2).
23
Let b = 51 - 74. What are the prime factors of (b/2)/(1/(-2))?
23
What are the prime factors of 328/5 - (-6)/(-10)?
5, 13
Let d be 3/6 + 54/(-4). List the prime factors of 1/(-4) + d/(-4).
3
Let b be (-4 + 21/4)*4. Suppose b*h - 9*h + 200 = 0. What are the prime factors of h?
2, 5
Let g(w) = 3*w**3 - 5*w**2 - 3*w - 3. List the prime factors of g(5).
2, 29
Let r be (2/4)/(2/48). Suppose 2*i - r = 5*i. What are the prime factors of ((-28)/10)/(i/10)?
7
Suppose 3*o = -2*i + 171, 2*o + 285 = 3*i - 3*o. List the prime factors of i.
2, 3, 5
Let p(s) = -3*s - 43. Let w(c) = c + 14. Suppose -4*r - 44 = -0*r. Let o(n) = r*w(n) - 4*p(n). What are the prime factors of o(0)?
2, 3
Let j = 82 + -39. What are the prime factors of j?
43
Suppose 0 = -3*s - 2*j - 3*j + 264, 2*s = -2*j + 180. List the prime factors of s.
3, 31
Suppose 0 = -42*o + 37*o + 205. List the prime factors of o.
41
Let u(x) = 0*x**2 + 1 - 9*x + 2*x**2 + 13*x. List the prime factors of u(-3).
7
Suppose m - 73 = -3*q + 57, -2*q = -3*m - 105. List the prime factors of q.
3, 5
Suppose 0 = 6*d - 10*d + 256. List the prime factors of d.
2
Let c be (0/4)/(-4 - -2). Suppose 2*p - 14 - 30 = c. What are the prime factors of p?
2, 11
Let m = -1 - -4. Suppose -4*x + 3 = 3*y, -4*y + m + 1 = -x. Suppose 2*h + 0*s + 2*s - 16 = x, -3*h = 2*s - 24. What are the prime factors of h?
2
Let l = -22 - -14. Let o = 14 + l. What are the prime factors of o?
2, 3
Let w(i) be the first derivative of 5*i**2/2 + 9*i - 1. Let c(v) = -v - 2. Let k(u) = -9*c(u) - 2*w(u). What are the prime factors of k(-9)?
3
Suppose -3*v = -7*v + 196. What are the prime factors of v?
7
Let i = 3 + 1. List the prime factors of (-1)/1 + (i - -8).
11
Let s = 17 + 12. Suppose -4*h + 3*c = -48, c + 31 = 5*h - s. List the prime factors of h.
2, 3
Let d = 7 - 5. Let y(x) = -x + d*x + x - 2. What are the prime factors of y(4)?
2, 3
Let w = -41 + 66. Let s = w + -10. List the prime factors of s.
3, 5
List the prime factors of 1/((4*-1)/(-64)).
2
Suppose -5*k = 3*b + 17, 0 = 4*k + b + 3*b + 12. Let n be (-150)/k - 21/(-14). Suppose 3*x = 3*y - n, -2*y + 6*y - 62 = -x. What are the prime factors of y?
3, 5
Suppose 0 = -5*u + b + 2285, -5*b + 377 + 106 = u. List the prime factors of u.
2, 229
Let t = 1 + 1. Let h(i) = -20*i - 2. Let y be h(-1). Suppose -f + y = -t*q + 63, 4*f + 117 = 5*q. List the prime factors of q.
3, 7
Let y = -7 + 1. List the prime factors of 2/(-9)*y*12.
2
Let p(m) = m**3 - 3*m**2 - 2*m - 5. Let i be p(4). Suppose -152 + 44 = -i*n. What are the prime factors of n?
2, 3
Let f(l) = -4*l. List the prime factors of f(-3).
2, 3
Let j = -4 + 5. Let q = 14 + j. What are the prime factors of q?
3, 5
Let l = 33 + -23. What are the prime factors of l?
2, 5
Let t(u) = u**2 + u + 43. Let i be t(0). Suppose 20 = -5*h, 3*h - 2*h = 3*l - i. What are the prime factors of l?
13
Let a(z) = -2*z**3 - 2 + 0*z**3 + 4*z**2 + 2*z + 3*z**3. Let r(p) = p**3 + 4*p**2 + 3*p - 2. Let v be r(-3). List the prime factors of a(v).
2
Let z(v) = 3*v**3 + 12*v**2 - 2*v + 9. Let a(t) = t**3 + t**2. Let l(q) = 4*a(q) - z(q). Let g = 16 + -8. List the prime factors of l(g).
7
Let g = -22 + 16. Suppose 37 = 3*t - 5. Let q = g + t. What are the prime factors of q?
2
Let z = -9 - -16. What are the prime factors of ((-18)/z)/((-18)/84)?
2, 3
Let v be (-4)/6 - (-14)/3. Let d be (-2)/v*(-11 - -1). Suppose -3*h + d*s + 15 = -0*s, -3*h - 3*s = -39. List 